{"id":333,"date":"2025-05-02T14:07:00","date_gmt":"2025-05-02T14:07:00","guid":{"rendered":"https:\/\/ideascoloridas.com\/accueil\/?post_type=product&#038;p=333"},"modified":"2025-06-09T08:32:19","modified_gmt":"2025-06-09T08:32:19","slug":"bagues-en-acier-inoxydable-9","status":"publish","type":"product","link":"https:\/\/ideascoloridas.com\/accueil\/produit\/bagues-en-acier-inoxydable-9\/","title":{"rendered":"Bagues en Acier Inoxydable"},"content":{"rendered":"<p class=\"\" data-start=\"240\" data-end=\"591\">Robustes, modernes et intemporelles, nos bagues en acier inoxydable allient esth\u00e9tisme et durabilit\u00e9. R\u00e9sistantes \u00e0 l\u2019eau, \u00e0 l\u2019usure et \u00e0 l\u2019oxydation, elles sont id\u00e9ales pour un usage quotidien sans compromis sur le style. Disponibles en finitions mates, brillantes ou martel\u00e9es, elles s\u2019adaptent \u00e0 toutes les personnalit\u00e9s et \u00e0 toutes les intentions.<\/p>\n<p class=\"\" data-start=\"593\" data-end=\"816\">Au-del\u00e0 du design, porter une bague \u00e0 un doigt pr\u00e9cis n\u2019est jamais anodin. Chaque doigt est associ\u00e9 \u00e0 une signification particuli\u00e8re, symbolisant des aspects de votre personnalit\u00e9, de vos relations ou de votre spiritualit\u00e9.<\/p>\n<h3 class=\"\" data-start=\"823\" data-end=\"870\">\ud83d\udd0d\u00a0<strong data-start=\"830\" data-end=\"870\">Signification selon le doigt port\u00e9 :<\/strong><\/h3>\n<ul data-start=\"872\" data-end=\"1964\">\n<li class=\"\" data-start=\"872\" data-end=\"1081\">\n<p class=\"\" data-start=\"874\" data-end=\"1081\"><strong data-start=\"874\" data-end=\"886\">\ud83d\udc48 Pouce<\/strong>\u00a0: Symbole de\u00a0<strong data-start=\"900\" data-end=\"935\">volont\u00e9 et d\u2019affirmation de soi<\/strong>. Porter une bague au pouce refl\u00e8te une personnalit\u00e9 ind\u00e9pendante, cr\u00e9ative et parfois anticonformiste. C\u2019est aussi un choix esth\u00e9tique audacieux.<\/p>\n<\/li>\n<li class=\"\" data-start=\"1083\" data-end=\"1299\">\n<p class=\"\" data-start=\"1085\" data-end=\"1299\"><strong data-start=\"1085\" data-end=\"1097\">\ud83d\udc46 Index<\/strong>\u00a0: Repr\u00e9sente\u00a0<strong data-start=\"1111\" data-end=\"1154\">l\u2019autorit\u00e9, l\u2019ambition et le leadership<\/strong>. C\u2019est le doigt du pouvoir dans de nombreuses cultures. Id\u00e9al pour les personnes confiantes ou pour affirmer une intention de se faire entendre.<\/p>\n<\/li>\n<li class=\"\" data-start=\"1301\" data-end=\"1488\">\n<p class=\"\" data-start=\"1303\" data-end=\"1488\"><strong data-start=\"1303\" data-end=\"1316\">\ud83d\udd96 Majeur<\/strong>\u00a0: Li\u00e9 \u00e0\u00a0<strong data-start=\"1325\" data-end=\"1383\">l\u2019\u00e9quilibre, la responsabilit\u00e9 et la conscience de soi<\/strong>. Porter une bague sur le majeur refl\u00e8te souvent un d\u00e9sir d\u2019harmonie int\u00e9rieure et de contr\u00f4le personnel.<\/p>\n<\/li>\n<li class=\"\" data-start=\"1490\" data-end=\"1750\">\n<p class=\"\" data-start=\"1492\" data-end=\"1750\"><strong data-start=\"1492\" data-end=\"1508\">\ud83d\udc8d Annulaire<\/strong>\u00a0(gauche ou droite) : Le doigt de\u00a0<strong data-start=\"1542\" data-end=\"1590\">l\u2019amour, de l\u2019engagement et de la cr\u00e9ativit\u00e9<\/strong>. Traditionnellement associ\u00e9 \u00e0 l\u2019alliance de mariage ou \u00e0 un lien affectif profond. \u00c0 droite, il peut aussi \u00e9voquer l\u2019estime de soi ou une promesse personnelle.<\/p>\n<\/li>\n<li class=\"\" data-start=\"1752\" data-end=\"1964\">\n<p class=\"\" data-start=\"1754\" data-end=\"1964\"><strong data-start=\"1754\" data-end=\"1772\">\ud83e\udd1f Auriculaire<\/strong>\u00a0(petit doigt) : Associ\u00e9 \u00e0\u00a0<strong data-start=\"1799\" data-end=\"1850\">la communication, l\u2019intuition et la n\u00e9gociation<\/strong>. C\u2019est aussi le doigt choisi par ceux qui veulent montrer leur originalit\u00e9 ou se connecter \u00e0 leur c\u00f4t\u00e9 spirituel.<\/p>\n<\/li>\n<\/ul>\n<p class=\"\" data-start=\"1971\" data-end=\"1995\"><strong data-start=\"1971\" data-end=\"1993\">Caract\u00e9ristiques :<\/strong><\/p>\n<ul data-start=\"1996\" data-end=\"2251\">\n<li class=\"\" data-start=\"1996\" data-end=\"2044\">\n<p class=\"\" data-start=\"1998\" data-end=\"2044\">Mat\u00e9riau : Acier inoxydable hypoallerg\u00e9nique<\/p>\n<\/li>\n<li class=\"\" data-start=\"2045\" data-end=\"2105\">\n<p class=\"\" data-start=\"2047\" data-end=\"2105\">R\u00e9siste \u00e0 l\u2019eau, \u00e0 la transpiration et \u00e0 la d\u00e9coloration<\/p>\n<\/li>\n<li class=\"\" data-start=\"2106\" data-end=\"2163\">\n<p class=\"\" data-start=\"2108\" data-end=\"2163\"><strong>Disponible pour femmes et hommes \u2013 Taille 19<\/strong><\/p>\n<\/li>\n<li class=\"\" data-start=\"2164\" data-end=\"2217\">\n<p class=\"\" data-start=\"2166\" data-end=\"2217\">Finitions : poli, bross\u00e9, noirci, dor\u00e9 ou argent\u00e9<\/p>\n<\/li>\n<li class=\"\" data-start=\"2218\" data-end=\"2251\">\n<p class=\"\" data-start=\"2220\" data-end=\"2251\">Ne ternit pas, ne rouille pas<\/p>\n<\/li>\n<li class=\"\" data-start=\"2218\" data-end=\"2251\">\n<p class=\"\" data-start=\"2220\" data-end=\"2251\">Motif Arabesque<\/p>\n<\/li>\n<\/ul>\n<p class=\"\" data-start=\"2253\" data-end=\"2336\">Exprimez votre identit\u00e9 avec une bague qui vous ressemble \u2014 et qui parle pour vous.<\/p>\n","protected":false},"excerpt":{"rendered":"<p>Robustes, modernes et intemporelles, nos bagues en acier inoxydable allient esth\u00e9tisme et durabilit\u00e9. R\u00e9sistantes \u00e0 l\u2019eau, \u00e0 l\u2019usure et \u00e0 [&hellip;]<\/p>\n","protected":false},"featured_media":334,"comment_status":"open","ping_status":"closed","template":"","meta":{"site-sidebar-layout":"default","site-content-layout":"","ast-site-content-layout":"default","site-content-style":"default","site-sidebar-style":"default","ast-global-header-display":"","ast-banner-title-visibility":"","ast-main-header-display":"","ast-hfb-above-header-display":"","ast-hfb-below-header-display":"","ast-hfb-mobile-header-display":"","site-post-title":"","ast-breadcrumbs-content":"","ast-featured-img":"","footer-sml-layout":"","ast-disable-related-posts":"","theme-transparent-header-meta":"default","adv-header-id-meta":"","stick-header-meta":"","header-above-stick-meta":"","header-main-stick-meta":"","header-below-stick-meta":"","astra-migrate-meta-layouts":"set","ast-page-background-enabled":"default","ast-page-background-meta":{"desktop":{"background-color":"var(--ast-global-color-5)","background-image":"","background-repeat":"repeat","background-position":"center center","background-size":"auto","background-attachment":"scroll","background-type":"","background-media":"","overlay-type":"","overlay-color":"","overlay-opacity":"","overlay-gradient":""},"tablet":{"background-color":"","background-image":"","background-repeat":"repeat","background-position":"center center","background-size":"auto","background-attachment":"scroll","background-type":"","background-media":"","overlay-type":"","overlay-color":"","overlay-opacity":"","overlay-gradient":""},"mobile":{"background-color":"","background-image":"","background-repeat":"repeat","background-position":"center center","background-size":"auto","background-attachment":"scroll","background-type":"","background-media":"","overlay-type":"","overlay-color":"","overlay-opacity":"","overlay-gradient":""}},"ast-content-background-meta":{"desktop":{"background-color":"var(--ast-global-color-4)","background-image":"","background-repeat":"repeat","background-position":"center center","background-size":"auto","background-attachment":"scroll","background-type":"","background-media":"","overlay-type":"","overlay-color":"","overlay-opacity":"","overlay-gradient":""},"tablet":{"background-color":"var(--ast-global-color-4)","background-image":"","background-repeat":"repeat","background-position":"center center","background-size":"auto","background-attachment":"scroll","background-type":"","background-media":"","overlay-type":"","overlay-color":"","overlay-opacity":"","overlay-gradient":""},"mobile":{"background-color":"var(--ast-global-color-4)","background-image":"","background-repeat":"repeat","background-position":"center center","background-size":"auto","background-attachment":"scroll","background-type":"","background-media":"","overlay-type":"","overlay-color":"","overlay-opacity":"","overlay-gradient":""}}},"product_brand":[],"product_cat":[42],"product_tag":[],"class_list":{"0":"post-333","1":"product","2":"type-product","3":"status-publish","4":"has-post-thumbnail","6":"product_cat-bagues-en-acier-inoxydable","7":"desktop-align-left","8":"tablet-align-left","9":"mobile-align-left","11":"first","12":"instock","13":"shipping-taxable","14":"purchasable","15":"product-type-simple"},"_links":{"self":[{"href":"https:\/\/ideascoloridas.com\/accueil\/wp-json\/wp\/v2\/product\/333","targetHints":{"allow":["GET"]}}],"collection":[{"href":"https:\/\/ideascoloridas.com\/accueil\/wp-json\/wp\/v2\/product"}],"about":[{"href":"https:\/\/ideascoloridas.com\/accueil\/wp-json\/wp\/v2\/types\/product"}],"replies":[{"embeddable":true,"href":"https:\/\/ideascoloridas.com\/accueil\/wp-json\/wp\/v2\/comments?post=333"}],"version-history":[{"count":1,"href":"https:\/\/ideascoloridas.com\/accueil\/wp-json\/wp\/v2\/product\/333\/revisions"}],"predecessor-version":[{"id":335,"href":"https:\/\/ideascoloridas.com\/accueil\/wp-json\/wp\/v2\/product\/333\/revisions\/335"}],"wp:featuredmedia":[{"embeddable":true,"href":"https:\/\/ideascoloridas.com\/accueil\/wp-json\/wp\/v2\/media\/334"}],"wp:attachment":[{"href":"https:\/\/ideascoloridas.com\/accueil\/wp-json\/wp\/v2\/media?parent=333"}],"wp:term":[{"taxonomy":"product_brand","embeddable":true,"href":"https:\/\/ideascoloridas.com\/accueil\/wp-json\/wp\/v2\/product_brand?post=333"},{"taxonomy":"product_cat","embeddable":true,"href":"https:\/\/ideascoloridas.com\/accueil\/wp-json\/wp\/v2\/product_cat?post=333"},{"taxonomy":"product_tag","embeddable":true,"href":"https:\/\/ideascoloridas.com\/accueil\/wp-json\/wp\/v2\/product_tag?post=333"}],"curies":[{"name":"wp","href":"https:\/\/api.w.org\/{rel}","templated":true}]}}