{"id":246,"date":"2025-05-02T09:18:39","date_gmt":"2025-05-02T09:18:39","guid":{"rendered":"https:\/\/ideascoloridas.com\/accueil\/?post_type=product&#038;p=246"},"modified":"2025-05-02T09:46:01","modified_gmt":"2025-05-02T09:46:01","slug":"diffuseur-auto-2","status":"publish","type":"product","link":"https:\/\/ideascoloridas.com\/accueil\/produit\/diffuseur-auto-2\/","title":{"rendered":"Diffuseur d\u2019Huiles Essentielles pour Voiture"},"content":{"rendered":"<p class=\"\" data-start=\"181\" data-end=\"484\">Transformez vos trajets quotidiens en v\u00e9ritables moments de d\u00e9tente gr\u00e2ce \u00e0 ce diffuseur d\u2019huiles essentielles sp\u00e9cialement con\u00e7u pour la voiture. Facile \u00e0 fixer sur la grille d\u2019a\u00e9ration, il lib\u00e8re subtilement les ar\u00f4mes de vos huiles pr\u00e9f\u00e9r\u00e9es, purifiant l\u2019air et apaisant l\u2019esprit pendant la conduite.<\/p>\n<p class=\"\" data-start=\"486\" data-end=\"795\">Son design moderne et discret s\u2019int\u00e8gre parfaitement \u00e0 l\u2019int\u00e9rieur de tout v\u00e9hicule. Il suffit de d\u00e9poser quelques gouttes d\u2019huile sur le coussinet pour profiter d\u2019un parfum agr\u00e9able pendant plusieurs jours.<\/p>\n<p class=\"\" data-start=\"797\" data-end=\"821\"><strong data-start=\"797\" data-end=\"819\">Caract\u00e9ristiques :<\/strong><\/p>\n<ul>\n<li>Fixation simple sur grille d\u2019a\u00e9ration<\/li>\n<li data-start=\"925\" data-end=\"967\">Fourni avec 2 coussinets r\u00e9utilisables<\/li>\n<li data-start=\"925\" data-end=\"967\">Diffusion naturelle, sans chaleur ni \u00e9lectricit\u00e9<\/li>\n<li data-start=\"1023\" data-end=\"1071\">Compatible avec toutes les huiles essentielles<\/li>\n<li data-start=\"1074\" data-end=\"1142\">Id\u00e9al pour la relaxation, la concentration ou rafra\u00eechir l\u2019habitacle<\/li>\n<\/ul>\n<p class=\"\" data-start=\"1144\" data-end=\"1255\">Parfait pour garder une ambiance zen, \u00e9nergisante ou purifiante dans votre voiture \u2013 o\u00f9 que la route vous m\u00e8ne.<\/p>\n","protected":false},"excerpt":{"rendered":"<p>Transformez vos trajets quotidiens en v\u00e9ritables moments de d\u00e9tente gr\u00e2ce \u00e0 ce diffuseur d\u2019huiles essentielles sp\u00e9cialement con\u00e7u pour la voiture. [&hellip;]<\/p>\n","protected":false},"featured_media":247,"comment_status":"open","ping_status":"closed","template":"","meta":{"site-sidebar-layout":"default","site-content-layout":"","ast-site-content-layout":"default","site-content-style":"default","site-sidebar-style":"default","ast-global-header-display":"","ast-banner-title-visibility":"","ast-main-header-display":"","ast-hfb-above-header-display":"","ast-hfb-below-header-display":"","ast-hfb-mobile-header-display":"","site-post-title":"","ast-breadcrumbs-content":"","ast-featured-img":"","footer-sml-layout":"","ast-disable-related-posts":"","theme-transparent-header-meta":"default","adv-header-id-meta":"","stick-header-meta":"","header-above-stick-meta":"","header-main-stick-meta":"","header-below-stick-meta":"","astra-migrate-meta-layouts":"set","ast-page-background-enabled":"default","ast-page-background-meta":{"desktop":{"background-color":"var(--ast-global-color-5)","background-image":"","background-repeat":"repeat","background-position":"center center","background-size":"auto","background-attachment":"scroll","background-type":"","background-media":"","overlay-type":"","overlay-color":"","overlay-opacity":"","overlay-gradient":""},"tablet":{"background-color":"","background-image":"","background-repeat":"repeat","background-position":"center center","background-size":"auto","background-attachment":"scroll","background-type":"","background-media":"","overlay-type":"","overlay-color":"","overlay-opacity":"","overlay-gradient":""},"mobile":{"background-color":"","background-image":"","background-repeat":"repeat","background-position":"center center","background-size":"auto","background-attachment":"scroll","background-type":"","background-media":"","overlay-type":"","overlay-color":"","overlay-opacity":"","overlay-gradient":""}},"ast-content-background-meta":{"desktop":{"background-color":"var(--ast-global-color-4)","background-image":"","background-repeat":"repeat","background-position":"center center","background-size":"auto","background-attachment":"scroll","background-type":"","background-media":"","overlay-type":"","overlay-color":"","overlay-opacity":"","overlay-gradient":""},"tablet":{"background-color":"var(--ast-global-color-4)","background-image":"","background-repeat":"repeat","background-position":"center center","background-size":"auto","background-attachment":"scroll","background-type":"","background-media":"","overlay-type":"","overlay-color":"","overlay-opacity":"","overlay-gradient":""},"mobile":{"background-color":"var(--ast-global-color-4)","background-image":"","background-repeat":"repeat","background-position":"center center","background-size":"auto","background-attachment":"scroll","background-type":"","background-media":"","overlay-type":"","overlay-color":"","overlay-opacity":"","overlay-gradient":""}}},"product_brand":[],"product_cat":[31],"product_tag":[],"class_list":{"0":"post-246","1":"product","2":"type-product","3":"status-publish","4":"has-post-thumbnail","6":"product_cat-accessoires-huiles-essentielles","7":"desktop-align-left","8":"tablet-align-left","9":"mobile-align-left","11":"first","12":"instock","13":"shipping-taxable","14":"purchasable","15":"product-type-simple"},"_links":{"self":[{"href":"https:\/\/ideascoloridas.com\/accueil\/wp-json\/wp\/v2\/product\/246","targetHints":{"allow":["GET"]}}],"collection":[{"href":"https:\/\/ideascoloridas.com\/accueil\/wp-json\/wp\/v2\/product"}],"about":[{"href":"https:\/\/ideascoloridas.com\/accueil\/wp-json\/wp\/v2\/types\/product"}],"replies":[{"embeddable":true,"href":"https:\/\/ideascoloridas.com\/accueil\/wp-json\/wp\/v2\/comments?post=246"}],"version-history":[{"count":3,"href":"https:\/\/ideascoloridas.com\/accueil\/wp-json\/wp\/v2\/product\/246\/revisions"}],"predecessor-version":[{"id":268,"href":"https:\/\/ideascoloridas.com\/accueil\/wp-json\/wp\/v2\/product\/246\/revisions\/268"}],"wp:featuredmedia":[{"embeddable":true,"href":"https:\/\/ideascoloridas.com\/accueil\/wp-json\/wp\/v2\/media\/247"}],"wp:attachment":[{"href":"https:\/\/ideascoloridas.com\/accueil\/wp-json\/wp\/v2\/media?parent=246"}],"wp:term":[{"taxonomy":"product_brand","embeddable":true,"href":"https:\/\/ideascoloridas.com\/accueil\/wp-json\/wp\/v2\/product_brand?post=246"},{"taxonomy":"product_cat","embeddable":true,"href":"https:\/\/ideascoloridas.com\/accueil\/wp-json\/wp\/v2\/product_cat?post=246"},{"taxonomy":"product_tag","embeddable":true,"href":"https:\/\/ideascoloridas.com\/accueil\/wp-json\/wp\/v2\/product_tag?post=246"}],"curies":[{"name":"wp","href":"https:\/\/api.w.org\/{rel}","templated":true}]}}